275463 composite?
False
Is 5484165395 a composite number?
True
Is 788434235 composite?
True
Is 830228783 composite?
True
Is 15986237483 composite?
False
Is 98550471 a composite number?
True
Is 10379633057 prime?
True
Is 394007321 composite?
False
Is 2691083287 a composite number?
False
Is 9573467039 composite?
False
Is 379737479 a composite number?
True
Is 293299597 a prime number?
True
Is 3531668453 a composite number?
True
Is 22864443779 composite?
True
Is 106760915 composite?
True
Is 7210241413 composite?
False
Is 3211278467 a composite number?
True
Is 25457545843 a composite number?
True
Is 1597737565 prime?
False
Is 2025824793 a prime number?
False
Is 76958358143 a prime number?
True
Is 16665608753 a composite number?
False
Is 1015757503 a prime number?
False
Is 31270296503 composite?
False
Is 37467366659 a prime number?
False
Is 257887963 a composite number?
False
Is 1248249133 a composite number?
True
Is 23150964829 a prime number?
True
Is 110287928321 a composite number?
False
Is 22694193461 a prime number?
True
Is 15466387253 a prime number?
True
Is 14876522857 a composite number?
True
Is 3181030147 a prime number?
True
Is 10195902373 a composite number?
True
Is 1110801823 a prime number?
True
Is 6213890489 prime?
True
Is 740604923 composite?
False
Is 1458027643 a composite number?
True
Is 75838449719 prime?
True
Is 93643731173 a prime number?
False
Is 1832549793 a prime number?
False
Is 12502236443 a composite number?
True
Is 13530492061 a composite number?
False
Is 69852394151 prime?
True
Is 396681041 prime?
False
Is 857174743 prime?
True
Is 28418684837 prime?
True
Is 751485563 prime?
False
Is 1065604079 composite?
False
Is 523563361 a composite number?
True
Is 4507480777 composite?
True
Is 1708784899 a composite number?
True
Is 126881759 prime?
True
Is 376804380655 prime?
False
Is 24960413 composite?
True
Is 38384426643 composite?
True
Is 25983367033 prime?
False
Is 330728883461 a prime number?
True
Is 4187656141 composite?
True
Is 1011272029 prime?
True
Is 305452711 prime?
True
Is 243919201483 a prime number?
True
Is 2621792549 a composite number?
False
Is 21862795001 prime?
True
Is 4235245129 a composite number?
True
Is 3231990079 a composite number?
True
Is 2561114441 composite?
False
Is 99873965 prime?
False
Is 735284399 prime?
True
Is 30614099 a composite number?
True
Is 101902081 prime?
False
Is 316894321 composite?
False
Is 247319731 a composite number?
False
Is 21282386123 composite?
False
Is 2164883987 prime?
False
Is 3449163701 composite?
False
Is 34705125187 a prime number?
True
Is 1583112449 a prime number?
False
Is 5525916527 prime?
True
Is 4906996561 prime?
True
Is 11116655371 composite?
False
Is 930127021 prime?
True
Is 25363011815 prime?
False
Is 21185966129 a prime number?
False
Is 124870248949 prime?
False
Is 442377821 prime?
False
Is 725391691 a prime number?
True
Is 951507679 composite?
True
Is 815875283 a prime number?
True
Is 20916415937 prime?
True
Is 157941473 a composite number?
False
Is 5564847649 prime?
True
Is 42646805 a composite number?
True
Is 112256947 a composite number?
True
Is 14658019319 a composite number?
True
Is 4996783677 prime?
False
Is 124367474171 composite?
False
Is 9334484039 a composite number?
False
Is 4360858181 prime?
False
Is 3712268983 prime?
False
Is 261256001 a composite number?
True
Is 915884141 composite?
True
Is 390625832165 a prime number?
False
Is 137887374967 a prime number?
True
Is 77577077 a composite number?
True
Is 1470454823 a prime number?
False
Is 736359071 a prime number?
False
Is 2260834207 composite?
False
Is 72097596355 a composite number?
True
Is 79677989 a prime number?
False
Is 9840966347 a prime number?
True
Is 39575925283 a composite number?
False
Is 9247448479 a prime number?
False
Is 35073625777 prime?
False
Is 412016903 prime?
True
Is 3626722459 a composite number?
True
Is 1231891679 composite?
True
Is 316641739 prime?
True
Is 23069126503 a prime number?
True
Is 647888929 a prime number?
False
Is 36640616245 a prime number?
False
Is 2499899587 a composite number?
False
Is 39911381929 composite?
False
Is 8527867171 prime?
True
Is 22545548117 composite?
False
Is 294095093 composite?
True
Is 206918311 composite?
True
Is 20615841751 prime?
True
Is 15619276481 a prime number?
True
Is 1123216489 a composite number?
False
Is 147592217 a composite number?
True
Is 4183413919 composite?
False
Is 2039412863 a composite number?
True
Is 13281329 a composite number?
False
Is 7299854461 a prime number?
True
Is 446968279 a composite number?
False
Is 51756323111 a prime number?
True
Is 78645653693 a composite number?
True
Is 8735144267 a composite number?
False
Is 1076506043 prime?
True
Is 42517622677 a composite number?
False
Is 48227301811 a composite number?
True
Is 1208007001 a composite number?
False
Is 9517651111 composite?
True
Is 40554029291 a composite number?
True
Is 42893026601 a prime number?
True
Is 522710807 a composite number?
True
Is 7452418555 a prime number?
False
Is 2371580345 a prime number?
False
Is 154729987 a prime number?
False
Is 5857771111 prime?
True
Is 1531027903 a prime number?
True
Is 1825188739 composite?
True
Is 126240378347 a composite number?
False
Is 167513196791 a composite number?
False
Is 22288110391 a prime number?
True
Is 1385828819 a prime number?
True
Is 31053665159 a composite number?
True
Is 44690117 prime?
False
Is 574471217 a prime number?
True
Is 712860667 prime?
True
Is 2994586351 a composite number?
False
Is 870836753 composite?
False
Is 237253607 a prime number?
True
Is 833758223 prime?
True
Is 2833636849 a composite number?
True
Is 3203121961 composite?
True
Is 8445470143 a composite number?
True
Is 240676711 composite?
True
Is 1026763391 a prime number?
True
Is 96535559723 prime?
True
Is 473201063 prime?
False
Is 8984478227 a prime number?
True
Is 1485019187 composite?
False
Is 2033609183 a composite number?
False
Is 5571423661 a composite number?
True
Is 566813815373 a composite number?
True
Is 4765117627 a composite number?
True
Is 926123969 prime?
True
Is 519712967 prime?
False
Is 890793793 a prime number?
False
Is 40995449681 a composite number?
False
Is 145264751 prime?
True
Is 2489143385 prime?
False
Is 337450727 a composite number?
False
Is 13991914969 prime?
False
Is 1757673179 a composite number?
True
Is 1813773977 a prime number?
False
Is 114244052099 a composite number?
False
Is 75398204807 prime?
True
Is 54005267 a composite number?
False
Is 3008245679 prime?
True
Is 107464859143 a composite number?
False
Is 1837553215 a composite number?
True
Is 601215179 a composite number?
False
Is 941833213 composite?
False
Is 9580422251 composite?
False
Is 3666850559 prime?
False
Is 385468154 prime?
False
Is 3455846759 prime?
False
Is 33023167745 prime?
False
Is 104204395651 prime?
True
Is 70256418209 prime?
True
Is 1283751431 a composite number?
True
Is 8836082831 composite?
False
Is 2546767553 a composite number?
True
Is 4663910839 a prime number?
False
Is 753305561 prime?
True
Is 8629442543 prime?
True
Is 1732623073 a prime number?
False
Is 7461750697 a prime number?
False
Is 280797983 a prime number?
False
Is 322753055647 prime?
False
Is 352356842 prime?
False
Is 1758702251 a composite number?
False
Is 25377198259 a composite number?
True
Is 5750860409 a composite number?
True
Is 23578635011 prime?
True
Is 359353387 composite?
False
Is 3414978919 a composite number?
True
Is 54430037474 composite?
True
Is 1278212073 a prime number?
False
Is 615279757 prime?
False
Is 1799607163 a prime number?
True
Is 283139192629 a composite number?
False
Is 5621698297 composite?
False
Is 679085981 composite?
True
Is 275010319 a composite number?
False
Is 3512178127 composite?
True
Is 2406715939 composite?
False
Is 536080681 composite?
False
Is 209985177397 prime?
True
Is 65194273 composite?
True
Is 4619698619 composite?
False
Is 388543997 a composite number?
True
Is 75101049403 composite?
False
Is 20404129 prime?
False
Is 6689668081 prime?
False
Is 67127216129 a composite number?
False
Is 879563579 composite?
True
Is 13759349371 prime?
True
Is 71111269 a prime number?
True
Is 30602608573 prime?
False
Is 41759329823 a composite number?
False
Is 1129628111 a prime number?
True
Is 8201554657 a composite number?
False
Is 3252196151 